by w?
10
Let q be 14 + 19 + 2*-2. Suppose -5*n - 4*y = -0*n - q, -2*n - 3*y = -6. Suppose 0 = 2*f - 6*f + 132. What is the remainder when f is divided by n?
6
Suppose -k + 4*b = -24, -2*k + 5*b - 74 = -4*k. Suppose 3*r - r - k = -3*i, 0 = -4*r - i + 74. What is the remainder when ((-54)/5)/((-6)/20) is divided by r?
17
What is the remainder when 333 is divided by 22 + 0 + 1 + (-37 - -34)?
13
Let m = 624 + -601. Let i(q) = q**3 - 7*q**2 + 8*q. What is the remainder when m is divided by i(6)?
11
Let i = -11 - -23. Let g(h) = -h**3 + 11*h**2 + 15*h - 26. Calculate the remainder when 39 is divided by g(i).
9
Suppose -28*o + 24*o + 68 = 0. What is the remainder when 97 is divided by o?
12
Suppose -10*q + 5*q + 155 = 0. Suppose q = 5*p - 39. What is the remainder when 36 is divided by p?
8
What is the remainder when 70 is divided by 8685/270 - (-10)/12?
4
Let q(d) = d**3 + 4*d**2 - 5*d - 3. Let f(s) = s**3 + 4*s**2 - 4*s + 2. Let c be f(-5). Calculate the remainder when q(c) is divided by ((2 - 1) + 1)*44/8.
10
Let l be 66/(-8) + (-5)/(-20). Let d(m) = 2*m**2 + 13*m + 24. What is the remainder when 189 is divided by d(l)?
45
Suppose -2*o + 5*y = -66, 3*o + 1 - 118 = 3*y. What is the remainder when o is divided by 23?
20
Suppose 8*p - 665 = 3*p. Suppose -5*v = r - p, -3*v + 0*r + 3*r + 87 = 0. What is the remainder when v is divided by (-4)/14 + 100/7?
13
Let s(j) = -4*j**2 - 5*j. Let u be s(-3). Calculate the remainder when 3/(-9)*-2 - 5089/u is divided by 41.
38
Calculate the remainder when (-2669)/(-21) - (-12)/(-126) is divided by 10.
7
Suppose -6 = 5*b + 19, 5*t - 2*b + 110 = 0. Let s = t - -71. Calculate the remainder when s is divided by 17.
13
Let f = -89 + 91. Suppose 5*n + 0*s - 57 = 2*s, -s - 1 = 0. Let u = -5 + n. What is the remainder when u is divided by f?
0
Suppose 0 = -i + 2*d + 30 - 2, 4*i = 2*d + 118. What is the remainder when 87 is divided by i?
27
Suppose -17 = 4*q - 1. Calculate the remainder when 2/(-4) + 2/q + 10 is divided by 5.
4
Suppose 971 = 128*v - 660 - 4641. Let b = 70 - 44. Calculate the remainder when v is divided by b.
23
Suppose -13*i = -1097 + 109. Suppose -b + 2*n + i = 6*n, -2*n = 4*b - 276. What is the remainder when b is divided by 12?
8
What is the remainder when 139 is divided by (-1944)/(-16) - 15/(-10)?
16
Suppose 26 = 10*p + 6. Calculate the remainder when 72 is divided by (-111)/12*(p + 6)/(-2).
35
Suppose -4*l = 2*l. Suppose -2*q + 4*a - 7*a + 41 = l, 2*a + 112 = 5*q. Calculate the remainder when 86 is divided by q.
20
Let d(a) be the third derivative of 0*a + a**2 + 7/3*a**3 + 0 + 1/12*a**4. What is the remainder when d(8) is divided by 17?
13
Calculate the remainder when (2/((-26)/1651))/(2/(-4)) is divided by 32.
30
Calculate the remainder when 88 is divided by -19 + (-1953)/(-105) - 304/(-10).
28
Suppose -26*b = -763 - 95. Suppose 3*c - 46 = 5*w, 2*w + 25 = 4*c - 27. Calculate the remainder when b is divided by c.
9
Let c(w) = -3*w**2 + 39*w - 23. What is the remainder when 84 is divided by c(11)?
41
Suppose 0 = -3*n - 4*p + 155, -7*p + 5*p = 3*n - 163. Calculate the remainder when 736 is divided by n.
52
Let d be 5 + 90/(-25) + (-2)/5. Let j = d + 68. What is the remainder when j is divided by 9?
6
Let r = 2 - -1. Suppose -20*n = -16279 + 5979. Suppose -5*t = r*f - n, 0*f + 121 = t - 3*f. What is the remainder when t is divided by 27?
25
Let m = -69 + 81. Let h(z) = -z**3 + 12*z**2 + 5*z + 41. Calculate the remainder when h(m) is divided by 17.
16
Let o = -1163 - -1212. Calculate the remainder when 291 is divided by o.
46
Let k be 2/3 - 40/(-12). What is the remainder when 78 is divided by 1/k - 189/(-12)?
14
Let p = 302 + -128. What is the remainder when p is divided by 41?
10
Let n(z) = 2*z**3 - 3*z**2 + 7*z + 2. Let f(g) = -3*g**3 + 5*g**2 - 13*g - 3. Let k(y) = 3*f(y) + 5*n(y). What is the remainder when 2 is divided by k(2)?
0
Suppose -4*k = -2*n - 776, -3*k - 2*n + n + 577 = 0. What is the remainder when k is divided by 28?
25
Suppose 0 = 4*q + 3*u - 486, -5*u + 226 = 5*q - 379. Calculate the remainder when q is divided by 3.
0
Let m = -93 - -119. What is the remainder when 153 is divided by m?
23
Suppose 0 = -64*v + 61*v + 138. Let x = 63 - v. Calculate the remainder when x is divided by 9.
8
Suppose 6 = a - 0*a. Let v be (2 - -15)*4*(-20)/(-16). Let q = v - 74. What is the remainder when q is divided by a?
5
What is the remainder when (-1 - -58)*(36 + -34) is divided by 29?
27
Suppose 0 = 4*m + 22 - 162. Let t(o) = -2*o**3 + 125*o**2 - 411*o - 16. Calculate the remainder when t(59) is divided by m.
32
Let y = 54 - 6. Let x = 66 - y. Calculate the remainder when 285 is divided by x.
15
Suppose 0 = 126*x - 66*x - 2700. Suppose 0 = 3*d - d - 54. Let o = -4 + d. What is the remainder when x is divided by o?
22
Let w(d) = 5*d**3 - 2*d**2 - d + 2. Let h be w(1). Suppose f + c = 1, -27 + 1 = -2*f + h*c. What is the remainder when ((-9)/(-4))/(2/16) is divided by f?
3
Let h(l) = -44*l. What is the remainder when h(-2) is divided by (2*1)/(((-16)/(-36))/4)?
16
Let i be (-2)/((3 - -1)/(-8)). Suppose -5*a = -7*a + i. Suppose -5*j - 3*s + 100 = 2*s, -2*j + a*s = -20. Calculate the remainder when 58 is divided by j.
13
Let g(n) = n**2 - 16*n + 8. Let x be g(15). What is the remainder when 3 is divided by 1 + 2 - (-7 - x)?
0
Let d = 29 + -31. Let b be d/(-1) - (0 + -16). Suppose 0 = -4*t + b + 2. Calculate the remainder when 7 is divided by t.
2
Let s = 139 + -95. Suppose 3*h - 7*h = -4*x - s, -56 = -5*h + 4*x. What is the remainder when -1 + 1 - 140/(-4) is divided by h?
11
Suppose -61*z = -51*z - 620. Calculate the remainder when 247 is divided by z.
61
Calculate the remainder when 107 is divided by (21/(-2))/(25/(-50)).
2
Let z = 23 - 18. Suppose z*y - 246 = a, -a = 3*y + 2*a - 144. Let j = 19 - 6. What is the remainder when y is divided by j?
10
Suppose 0 = -77*h + 62*h + 1980. What is the remainder when h is divided by 18?
6
Let t(y) = -12*y - 162. Calculate the remainder when ((-150)/(-9))/((-1)/(-3)) is divided by t(-15).
14
Let q be (-7320)/(-84) + (-1)/7. Let f = q + -53. Let x(w) = 4*w. Calculate the remainder when f is divided by x(3).
10
Suppose -4*k - k = 5*b - 145, 0 = 2*b + k - 61. Let r = 31 + -19. What is the remainder when b is divided by r?
8
Let r = -49 + 69. Suppose 0*i - 2 = i. Calculate the remainder when 2/(9/((-693)/i)) is divided by r.
17
Let s(h) = 6*h - 6. Let d be s(3). Let u = d - -13. Calculate the remainder when 72 is divided by u.
22
Suppose 3*g + 9 = 90. Calculate the remainder when 296 is divided by g.
26
Suppose -o - 65 = -y - 0*y, -318 = -5*y - 2*o. Let i(q) = -7*q + 2. Let k be i(5). Let s = y + k. What is the remainder when 123 is divided by s?
30
Let b(u) = -6*u - 10*u**3 + 4*u**3 + 5*u**3 - 6*u**2. Let h be b(-5). Suppose 4*p + a + 6 = 6*p, -h*a = -4*p. Calculate the remainder when 8 is divided by p.
3
Let p(l) = -4*l**3 - 11*l**2 + 12*l + 26. Calculate the remainder when p(-4) is divided by 6.
4
Suppose 0*r - 20*r + 3640 = 0. What is the remainder when r is divided by 63?
56
Suppose 8 = -2*b + 32. Calculate the remainder when b is divided by ((-55)/15 - -3)/(2/(-27))*1.
3
Let m be ((-90)/(-9))/((-2)/(-7)). Suppose -13 - m = -3*l. What is the remainder when 47 is divided by l?
15
Let g(z) = 3*z + 17. Let w be g(-4). Suppose -3*y + 2*c = -238, -4*y - w*c + 104 + 244 = 0. Calculate the remainder when y is divided by 28.
26
Suppose 0 = 4*v - 3*v - 9. Calculate the remainder when -3*-26*3/v is divided by 17.
9
Suppose 3*i - 529 = -4*q, i = -4*q - q + 653. What is the remainder when q is divided by 67?
63
Let o = 341 + -332. What is the remainder when 21 is divided by o?
3
Let a(l) = -49*l - 193. What is the remainder when 127 is divided by a(-4)?
1
Suppose 0 = 4*u - 14 - 22. Suppose 1 = 2*g + h, -2*h - h = 3*g - u. Calculate the remainder when 7 is divided by 2/1*-1*g.
3
Suppose 5*q - d - 370 = -6*d, 0 = 5*q + 4*d - 372. Let g = -44 + q. Suppose 0 = -3*c - c + 44. Calculate the remainder when g is divided by c.
10
Let h = -200 - -243. Calculate the remainder when 257 is divided by h.
42
Let b = -763 - -987. Calculate the remainder when b is divided by 70.
14
Let h(q) = -14*q + 15. What is the remainder when 488 is divided by h(-1)?
24
Suppose 3*o - 2*j = 49, -7*j